 10*b + 28. Let t be u(12). What is the highest common divisor of t and 36?
4
Let z be 220/35 + 2/(-7). Calculate the greatest common divisor of 24 and z.
6
Let b(q) = q**3 - 4*q**2 - q. Let l be b(5). What is the highest common divisor of 4 and l?
4
Let z(y) = y**3 - 5*y**2 + 9*y - 6. Let f be z(7). Calculate the highest common factor of 31 and f.
31
Let f be 663/12 + (-2)/8. Let w = 1 + f. Calculate the greatest common factor of 8 and w.
8
Let o = 5 - -13. Calculate the greatest common factor of o and 18.
18
Let u(j) = j**2 + 5*j - 8. Let z be u(-7). Calculate the highest common factor of z and 6.
6
Let z(m) = 3*m + 14. Let f be z(1). Calculate the highest common divisor of f and 68.
17
Let k = 28 + -17. Suppose -3*r + 50 = -5*c, -3*r + c + 38 = -r. Let x = -9 + r. What is the greatest common divisor of k and x?
11
Let b be (-4)/(-1)*(14 - 0). What is the greatest common factor of 7 and b?
7
Suppose 64 = 6*h - 464. Calculate the highest common factor of 11 and h.
11
Suppose 5*i - 336 = 2*i. Suppose -b = -6*b + 20. Let j(y) = -y**3 + 6*y**2 - 4*y - 2. Let u be j(b). What is the greatest common factor of u and i?
14
Let f(k) = k**2 - 5*k - 9. Let g be f(7). Let l = 9 - g. Suppose -l*b + 2*b = -14. What is the highest common divisor of b and 28?
7
Suppose 55*u + 49 = 56*u. What is the greatest common divisor of u and 14?
7
Let y(r) = r**2 - 3*r - 5. Let k be y(6). Suppose 219 = 2*v + 11. Calculate the highest common divisor of k and v.
13
Suppose 3*v + 5*z - 154 = 0, -5*z + 6 = -4. Calculate the greatest common factor of v and 60.
12
Suppose -28 - 2 = -5*z. Let r be (-32)/z*(-27)/12. What is the highest common divisor of r and 30?
6
Let o = -3 + 2. Let b be (-5)/(o - (-10)/11). Let r be 10/(-45) - (-200)/9. What is the highest common divisor of r and b?
11
Suppose 0*w = -3*w + 150. Calculate the greatest common divisor of w and 20.
10
Suppose -5*q + 2*q + 3*x - 54 = 0, 4*x = 4. Let g = 54 - 86. Let y = q - g. What is the highest common divisor of y and 5?
5
Let s be (-2)/(-4) + (-188)/(-8). Calculate the greatest common divisor of s and 36.
12
Let l = 9 - -110. Calculate the highest common factor of 17 and l.
17
Let v(u) = u**3 - 2*u**2 - 1. Let q be v(3). Let x be 1010/q + 3/(-12). Let m be (7/4 - 1)*24. What is the greatest common factor of m and x?
18
Let s be (-48)/28*(-14)/4. Let v be s/4*16/(-3). Let t(j) = -9*j + 5. Let y be t(v). Calculate the highest common divisor of 11 and y.
11
Suppose -3*y + 4*y = 16. Suppose -5*x = -2*w - y, w = -2*x - 5 + 6. Calculate the greatest common factor of 3 and x.
1
Let i(m) = -m + 3*m + 4 + 0*m - m. Let b be i(0). Suppose -b*g + 352 = -0*g. What is the greatest common divisor of g and 11?
11
Suppose -6*k + 300 = -k. Let v be 40/(-8)*(-1 + -1). What is the greatest common divisor of v and k?
10
Let b = -420 - -277. Let c = b - -206. Suppose 0 = 3*q + 5*j - 12, 5*q - 4*j + 6*j - 39 = 0. What is the highest common factor of q and c?
9
Let n = 66 + -36. Calculate the highest common factor of n and 6.
6
Let n = -28 - -14. Let r = 54 + n. Suppose -r = -3*q + 2. Calculate the greatest common factor of 14 and q.
14
Let g = -25 - -31. Calculate the greatest common divisor of g and 1.
1
Suppose 2*b - 4*z + 44 = 4*b, -3*z + 47 = 2*b. Calculate the greatest common divisor of 7 and b.
7
Suppose -3*c + 1 - 148 = 0. Let a = 7 - c. Let d = -19 - -33. Calculate the highest common factor of a and d.
14
Let v = -3 - -2. Let z = 2 + v. Calculate the highest common divisor of z and 11.
1
Let x = 15 - 14. Calculate the highest common factor of x and 1.
1
Let z = -14 - -14. Let p(f) = -f + 17. Let v be p(z). Calculate the greatest common factor of v and 136.
17
Let b = 12 - 8. What is the greatest common factor of 12 and b?
4
Suppose -4*z - 15 = -2*z + 5*f, 4*f + 24 = -4*z. Let y = z + 0. Let u = 9 + y. Calculate the highest common divisor of 1 and u.
1
Let v be (-19 - -18) + (298 - 0). What is the greatest common divisor of 27 and v?
27
Suppose 0 = 3*y + 5*z - 295, -z + 185 = y + y. Calculate the highest common divisor of 60 and y.
30
Suppose -3*i + 14 = -1. Suppose g - 47 = -2. What is the highest common divisor of i and g?
5
Let b = -5 - -17. Suppose u = -4*a + b, -u + 5 - 2 = a. Suppose a*z = z + 16. Calculate the greatest common divisor of z and 72.
8
Let c(h) = -h**3 - 12*h**2 - 11*h - 6. Let v be c(-12). Suppose 38 - 2 = 3*l. Suppose 3*n = -l + 66. What is the greatest common factor of n and v?
18
Let u be 6/(-10) + (-8)/20. Let y be (-2 - u)*(-25)/1. Calculate the highest common factor of y and 5.
5
Let p(r) = 3*r + 14. Let w(g) = g + 7. Let c(f) = 4*p(f) - 10*w(f). Let x be c(11). What is the greatest common factor of x and 40?
8
Let s(p) = 2*p**2 - 3*p + 3. Let z be -1 + 4 + (0 - -1). Let w be s(z). Calculate the highest common divisor of 253 and w.
23
Let n = 5 - 2. Let d be -1 + (-5)/(10/(-8)). Suppose 7*c - 12 = d*c. Calculate the greatest common divisor of n and c.
3
Suppose -4*j + 3 = -j. Suppose 3*r = -i + 10, 5*r + 4 = -i + 18. What is the greatest common divisor of j and r?
1
Let o(c) = -c**2 - 7*c - 7. Let q be o(-4). What is the greatest common divisor of q and 35?
5
Suppose -5*r + 3*j - 247 = 0, -j = -2*r - 69 - 30. Let i = -22 - r. Suppose t = 4*y - 7*y + 32, -y + 4*t = -i. Calculate the highest common factor of 4 and y.
4
Let q = 30 + -24. Calculate the highest common factor of 6 and q.
6
Let b = -14 - -8. Let x be (1*3)/(b/(-64)). Calculate the greatest common factor of x and 16.
16
Suppose 4*p - 52 + 0 = 0. Let c = 2 + 0. Let s = p - c. What is the highest common divisor of s and 33?
11
Suppose 3*c + 2*c + v = 4, -c + 8 = 2*v. Suppose -3*h + 0*h + 21 = c. What is the greatest common divisor of h and 21?
7
Suppose 17 = 3*v - 0*s - s, 5*v + s = 39. Let m(l) = 22*l**2 - l. Let j be m(1). Let k be j/(-6)*(-5 + -1). What is the highest common factor of k and v?
7
Let c(u) = -u**3 + 9*u**2 + 12*u - 12. Let y be c(10). Suppose o - 64 = -p, 0 = 5*o + 4*p - 446 + 126. What is the greatest common divisor of y and o?
8
Let w = -23 - -67. Let s(q) = q**2 - q - 3. Let l be s(3). Suppose -l*g - g + w = 0. Calculate the greatest common factor of g and 44.
11
Suppose -2*t - 22 = -66. Let s(n) = 198*n**2 + n - 1. Let p be s(1). Calculate the greatest common divisor of p and t.
22
Let h(s) = 3*s + 0*s + 3*s + 2*s. Let m be h(1). Calculate the highest common factor of m and 56.
8
Let d(o) = o + 10. Let n be d(-9). What is the greatest common divisor of n and 1?
1
Let r = -217 + 229. Let a be 4/(-6) + 546/9. What is the greatest common factor of a and r?
12
Let l(k) = -19*k + 5. Let m be l(6). Let c = m - -163. Suppose 3*y - 36 = y. What is the highest common divisor of y and c?
18
Let l(i) = -i**2 - 6*i + 3. Let p be l(-5). Suppose 0 = v + 2, 2*s - 5*s = -v - 8. Let q be (-1)/(s/12)*-2. Calculate the greatest common divisor of p and q.
4
Suppose -5*v + 4 = -v. Let u be v*(56 + 1)/3. What is the highest common factor of u and 152?
19
Let d(z) = -z**2 - 11*z - 13. Let u be d(-7). Let c = 7 + 8. Calculate the highest common factor of u and c.
15
Suppose 3*g - 2*s = 53, g - 3*g + 5*s = -28. What is the greatest common factor of g and 19?
19
Suppose -4*u + 199 = -181. Calculate the greatest common factor of 19 and u.
19
Suppose -5*i = -o - 278 - 245, -5*i + 521 = -2*o. Calculate the greatest common factor of i and 15.
15
Let j be 3/(-1) + 10 + 5. What is the highest common factor of j and 12?
12
Let b be (-30)/8*32/12. Let o be b/4*12/(-15). Suppose o*t = -t + 210. Calculate the highest common divisor of t and 28.
14
Let c(u) = -u**3 - 13*u**2 - 27*u - 35. Let v be c(-11). Calculate the highest common factor of v and 4.
4
Suppose 0 = 2*l - 5*m, 3*l = l - 2*m + 14. What is the highest common factor of l and 45?
5
Let d = 25 + 10. What is the highest common divisor of 5 and d?
5
Suppose -3*k + 20 = 2. Suppose 2*f + 5*m = 18, 14 = -f + 3*f + 4*m. Let v be 2/(f*(-1)/24). Calculate the highest common factor of k and v.
6
Suppose 4*k = -2*x + 29 + 107, 0 = -3*x - 5*k + 206. Calculate the greatest common factor of 18 and x.
18
Let n = -9 + 13. Let a(x) = -2*x + 18. Let m be a(7). What is the highest common factor of m and n?
4
Let r(c) = c**3 + c**2 - c + 10. Let v be r(0). Suppose -255 = -3*y + 5*m, 8*m = -y + 3*m + 65. What 